{"id":116,"date":"2022-02-27T11:37:23","date_gmt":"2022-02-27T10:37:23","guid":{"rendered":"https:\/\/www.modellbau-yodi.de\/aax\/?page_id=116"},"modified":"2022-02-27T11:37:23","modified_gmt":"2022-02-27T10:37:23","slug":"impressum","status":"publish","type":"page","link":"https:\/\/www.modellbau-yodi.de\/aax\/impressum\/","title":{"rendered":"Impressum"},"content":{"rendered":"<p>Dirk Unverzagt<br \/>\nDorfstra\u00dfe 22<br \/>\n37176 Wolbrechtshausen<\/p>\n<p>Tel. +4955038053683<\/p>\n<p>E Mail yodi at gmx. net<\/p>\n<p>Disclaimer &#8211; rechtliche Hinweise<br \/>\n1. Haftungsbeschr\u00e4nkung<\/p>\n<p>Die Inhalte dieser Website werden mit gr\u00f6\u00dftm\u00f6glicher Sorgfalt erstellt. Der Anbieter \u00fcbernimmt<br \/>\njedoch keine Gew\u00e4hr f\u00fcr die Richtigkeit, Vollst\u00e4ndigkeit und Aktualit\u00e4t der bereitgestellten Inhalte.<br \/>\nDie Nutzung der Inhalte der Website erfolgt auf eigene Gefahr des Nutzers. Namentlich gekennzeichnete<br \/>\nBeitr\u00e4ge geben die Meinung des jeweiligen Autors und nicht immer die Meinung des Anbieters wieder. Mit<br \/>\nder reinen Nutzung der Website des Anbieters kommt keinerlei Vertragsverh\u00e4ltnis zwischen dem Nutzer und<br \/>\ndem Anbieter zustande.<br \/>\n2. Externe Links<\/p>\n<p>Diese Website enth\u00e4lt Verkn\u00fcpfungen zu Websites<br \/>\nDritter (&#8222;externe Links&#8220;). Diese Websites unterliegen der Haftung der jeweiligen Betreiber. Der Anbieter<br \/>\nhat bei der erstmaligen Verkn\u00fcpfung der externen Links die fremden Inhalte daraufhin \u00fcberpr\u00fcft, ob<br \/>\netwaige Rechtsverst\u00f6\u00dfe bestehen. Zu dem Zeitpunkt waren keine Rechtsverst\u00f6\u00dfe ersichtlich. Der Anbieter<br \/>\nhat keinerlei Einfluss auf die aktuelle und zuk\u00fcnftige Gestaltung und auf die Inhalte der verkn\u00fcpften<br \/>\nSeiten. Das Setzen von externen Links bedeutet nicht,dass sich der Anbieter die hinter dem Verweis<br \/>\noder Link liegenden Inhalte zu Eigen macht. Eine st\u00e4ndige Kontrolle dieser externen Links ist f\u00fcr den<br \/>\nAnbieter ohne konkrete Hinweise auf Rechtsverst\u00f6\u00dfe nicht zumutbar. Bei Kenntnis von Rechtsverst\u00f6\u00dfen werden<br \/>\njedoch derartige externe Links unverz\u00fcglich gel\u00f6scht.<br \/>\n3. Urheber- und Leistungsschutzrechte<\/p>\n<p>Die auf dieser Website ver\u00f6ffentlichten Inhalte unterliegen dem deutschen Urheber- und<br \/>\nLeistungsschutzrecht. Jede vom deutschen Urheber- und Leistungsschutzrecht nicht zugelassene Verwertung<br \/>\nbedarf der vorherigen schriftlichen Zustimmung des Anbieters oder jeweiligen Rechteinhabers. Dies gilt<br \/>\ninsbesondere f\u00fcr Vervielf\u00e4ltigung, Bearbeitung, \u00dcbersetzung, Einspeicherung, Verarbeitung bzw. Wiedergabe<br \/>\nvon Inhalten in Datenbanken oder anderen elektronischen Medien und Systemen. Inhalte und Rechte Dritter<br \/>\nsind dabei als solche gekennzeichnet. Die unerlaubte Vervielf\u00e4ltigung oder Weitergabe einzelner Inhalte<br \/>\noder kompletter Seiten ist nicht gestattet und strafbar. Lediglich die Herstellung von Kopien und Downloads<br \/>\nf\u00fcr den pers\u00f6nlichen, privaten und nicht kommerziellen Gebrauch ist erlaubt.<\/p>\n<p>Die Darstellung dieser<br \/>\nWebsite in fremden Frames ist nur mit schriftlicher Erlaubnis zul\u00e4ssig.<br \/>\n4. Datenschutz<\/p>\n<p>Durch den Besuch der Website des Anbieters k\u00f6nnen Informationen \u00fcber den Zugriff (Datum, Uhrzeit,<br \/>\nbetrachtete Seite) gespeichert werden. Diese Daten geh\u00f6ren nicht zu den personenbezogenen Daten, sondern<br \/>\nsind anonymisiert. Sie werden ausschlie\u00dflich zu statistischen Zwecken ausgewertet. Eine Weitergabe an<br \/>\nDritte, zu kommerziellen oder nicht kommerziellen Zwecken, findet nicht statt.<\/p>\n<p>Der Anbieter weist<br \/>\nausdr\u00fccklich darauf hin, dass die Daten\u00fcbertragung im Internet (z.B. bei der Kommunikation per E-Mail)<br \/>\nSicherheitsl\u00fccken aufweisen und nicht l\u00fcckenlos vor dem Zugriff durch Dritte gesch\u00fctzt werden kann.<\/p>\n<p>Die Verwendung der Kontaktdaten des Impressums zur gewerblichen Werbung ist ausdr\u00fccklich nicht<br \/>\nerw\u00fcnscht, es sei denn der Anbieter hatte zuvor seine schriftliche Einwilligung erteilt oder es besteht<br \/>\nbereits eine Gesch\u00e4ftsbeziehung. Der Anbieter und alle auf dieser Website genannten Personen widersprechen<br \/>\nhiermit jeder kommerziellen Verwendung und Weitergabe ihrer Daten.<br \/>\n5. Besondere Nutzungsbedingungen<\/p>\n<p>Soweit besondere Bedingungen f\u00fcr einzelne Nutzungen dieser Website von den vorgenannten Nummern 1. bis 4.<br \/>\nabweichen, wird an entsprechender Stelle ausdr\u00fccklich darauf hingewiesen. In diesem Falle gelten im<br \/>\njeweiligen Einzelfall die besonderen Nutzungsbedingungen.<\/p>\n<p>Quelle: Disclaimer von JuraForum.de &amp; Experten-branchenbuch.de<\/p>\n","protected":false},"excerpt":{"rendered":"<p>Dirk Unverzagt Dorfstra\u00dfe 22 37176 Wolbrechtshausen Tel. +4955038053683 E Mail yodi at gmx. net Disclaimer &#8211; rechtliche Hinweise 1. Haftungsbeschr\u00e4nkung Die Inhalte dieser Website werden mit gr\u00f6\u00dftm\u00f6glicher Sorgfalt erstellt. Der Anbieter \u00fcbernimmt jedoch keine Gew\u00e4hr f\u00fcr die Richtigkeit, Vollst\u00e4ndigkeit und &hellip; <a class=\"more-link\" href=\"https:\/\/www.modellbau-yodi.de\/aax\/impressum\/\">weiterlesen<\/a><\/p>","protected":false},"author":1,"featured_media":0,"parent":0,"menu_order":0,"comment_status":"closed","ping_status":"closed","template":"","meta":[],"_links":{"self":[{"href":"https:\/\/www.modellbau-yodi.de\/aax\/wp-json\/wp\/v2\/pages\/116"}],"collection":[{"href":"https:\/\/www.modellbau-yodi.de\/aax\/wp-json\/wp\/v2\/pages"}],"about":[{"href":"https:\/\/www.modellbau-yodi.de\/aax\/wp-json\/wp\/v2\/types\/page"}],"author":[{"embeddable":true,"href":"https:\/\/www.modellbau-yodi.de\/aax\/wp-json\/wp\/v2\/users\/1"}],"replies":[{"embeddable":true,"href":"https:\/\/www.modellbau-yodi.de\/aax\/wp-json\/wp\/v2\/comments?post=116"}],"version-history":[{"count":1,"href":"https:\/\/www.modellbau-yodi.de\/aax\/wp-json\/wp\/v2\/pages\/116\/revisions"}],"predecessor-version":[{"id":117,"href":"https:\/\/www.modellbau-yodi.de\/aax\/wp-json\/wp\/v2\/pages\/116\/revisions\/117"}],"wp:attachment":[{"href":"https:\/\/www.modellbau-yodi.de\/aax\/wp-json\/wp\/v2\/media?parent=116"}],"curies":[{"name":"wp","href":"https:\/\/api.w.org\/{rel}","templated":true}]}}