{"id":14,"date":"2019-11-25T18:35:10","date_gmt":"2019-11-25T17:35:10","guid":{"rendered":"http:\/\/www.modellbau-yodi.de\/imker\/?page_id=14"},"modified":"2022-07-20T08:52:47","modified_gmt":"2022-07-20T06:52:47","slug":"wilkommen","status":"publish","type":"page","link":"https:\/\/www.modellbau-yodi.de\/imker\/","title":{"rendered":"Wilkommen"},"content":{"rendered":"<p style=\"text-align: center;\">Wir freuen uns das sie unsere Webseite besuchen. Hier erfahren Sie etwas \u00fcber unsere Bienen, unsere Arbeitsweise mit den Bienen und unseren Produkten.<\/p>\n<p>&nbsp;<\/p>\n<figure id=\"attachment_113\" aria-describedby=\"caption-attachment-113\" style=\"width: 225px\" class=\"wp-caption alignleft\"><a href=\"http:\/\/www.modellbau-yodi.de\/imker\/wp-content\/uploads\/2019\/11\/image20190719_210416511-scaled.jpg\" target=\"_blank\" rel=\"noopener noreferrer\"><img loading=\"lazy\" decoding=\"async\" class=\"wp-image-113 size-medium\" src=\"http:\/\/www.modellbau-yodi.de\/imker\/wp-content\/uploads\/2019\/11\/image20190719_210416511-225x300.jpg\" alt=\"\" width=\"225\" height=\"300\" srcset=\"https:\/\/www.modellbau-yodi.de\/imker\/wp-content\/uploads\/2019\/11\/image20190719_210416511-225x300.jpg 225w, https:\/\/www.modellbau-yodi.de\/imker\/wp-content\/uploads\/2019\/11\/image20190719_210416511-scaled-600x800.jpg 600w, https:\/\/www.modellbau-yodi.de\/imker\/wp-content\/uploads\/2019\/11\/image20190719_210416511-768x1024.jpg 768w, https:\/\/www.modellbau-yodi.de\/imker\/wp-content\/uploads\/2019\/11\/image20190719_210416511-1152x1536.jpg 1152w, https:\/\/www.modellbau-yodi.de\/imker\/wp-content\/uploads\/2019\/11\/image20190719_210416511-1536x2048.jpg 1536w, https:\/\/www.modellbau-yodi.de\/imker\/wp-content\/uploads\/2019\/11\/image20190719_210416511-300x400.jpg 300w, https:\/\/www.modellbau-yodi.de\/imker\/wp-content\/uploads\/2019\/11\/image20190719_210416511-850x1133.jpg 850w, https:\/\/www.modellbau-yodi.de\/imker\/wp-content\/uploads\/2019\/11\/image20190719_210416511-scaled.jpg 1920w\" sizes=\"auto, (max-width: 225px) 100vw, 225px\" \/><\/a><figcaption id=\"caption-attachment-113\" class=\"wp-caption-text\">Ge\u00f6ffnete Bienenkiste. Oben zu sehen der Brutraum mit links Mittelw\u00e4nden und rechts Naturwaben.<\/figcaption><\/figure>\n<p>Angefangen hat alles als wir ein Bienenhotell aufstellen wollten. Das www ist ja \u00fcberflutet mit diesen Dingern. Aber in Imker-Foren erfuhren\u00a0 wir schnell das das meiste M\u00fcll ist, Schlechte Verarbeitung und Materialien etc. Wir sind dann \u00fcber die Webseite <a href=\"https:\/\/www.bienenkiste.de\/\" target=\"_blank\" rel=\"noopener noreferrer\">www.bienenkiste.de<\/a> gestolpert. Die dort beschriebene Bienenkiste und das Konzept der Wesensgem\u00e4\u00dfen Bienenhaltung hat uns gleich zugesagt. Das bauen einer Bienenkiste wurde gleich in Angriff genommen. Im April 2019 bekamen wir von einen Imker aus Einbeck einen Kunstschwarm.<\/p>\n<p>&nbsp;<\/p>\n<p>&nbsp;<\/p>\n<p>&nbsp;<\/p>\n<p>Im August haben wir den Ersten Honig ernten k\u00f6nnen. Es waren 10,25 kg Honig mit einen Wassergehalt von 16,2% und wir waren stolz wie Bolle.<img loading=\"lazy\" decoding=\"async\" class=\"alignright wp-image-117 size-medium\" src=\"http:\/\/www.modellbau-yodi.de\/imker\/wp-content\/uploads\/2019\/11\/honigglas-300x268.jpg\" alt=\"\" width=\"300\" height=\"268\" srcset=\"https:\/\/www.modellbau-yodi.de\/imker\/wp-content\/uploads\/2019\/11\/honigglas-300x268.jpg 300w, https:\/\/www.modellbau-yodi.de\/imker\/wp-content\/uploads\/2019\/11\/honigglas-600x536.jpg 600w, https:\/\/www.modellbau-yodi.de\/imker\/wp-content\/uploads\/2019\/11\/honigglas-768x686.jpg 768w, https:\/\/www.modellbau-yodi.de\/imker\/wp-content\/uploads\/2019\/11\/honigglas-850x760.jpg 850w, https:\/\/www.modellbau-yodi.de\/imker\/wp-content\/uploads\/2019\/11\/honigglas.jpg 1024w\" sizes=\"auto, (max-width: 300px) 100vw, 300px\" \/><\/p>\n<p>&nbsp;<\/p>\n<p>&nbsp;<\/p>\n<p>&nbsp;<\/p>\n<p>&nbsp;<\/p>\n<p>&nbsp;<\/p>\n<p>&nbsp;<\/p>\n<p>&nbsp;<\/p>\n<p>Es blieb nat\u00fcrlich nicht bei einem Volk. Warr\u00e9 Beuten und ein Nachbau der\u00a0<a href=\"https:\/\/www.mellifera.de\/einraumbeute\" target=\"_blank\" rel=\"noopener noreferrer\">Melifera Einraumbeute<\/a> folgten. Als Metallbauermeister habe ich das handwerkliche Geschick um das meiste alles selber zu bauen.<\/p>\n<figure id=\"attachment_115\" aria-describedby=\"caption-attachment-115\" style=\"width: 225px\" class=\"wp-caption alignleft\"><a href=\"http:\/\/www.modellbau-yodi.de\/imker\/wp-content\/uploads\/2019\/11\/image20190723_195604613-scaled.jpg\" target=\"_blank\" rel=\"noopener noreferrer\"><img loading=\"lazy\" decoding=\"async\" class=\"wp-image-115 size-medium\" src=\"http:\/\/www.modellbau-yodi.de\/imker\/wp-content\/uploads\/2019\/11\/image20190723_195604613-225x300.jpg\" alt=\"\" width=\"225\" height=\"300\" srcset=\"https:\/\/www.modellbau-yodi.de\/imker\/wp-content\/uploads\/2019\/11\/image20190723_195604613-225x300.jpg 225w, https:\/\/www.modellbau-yodi.de\/imker\/wp-content\/uploads\/2019\/11\/image20190723_195604613-scaled-600x800.jpg 600w, https:\/\/www.modellbau-yodi.de\/imker\/wp-content\/uploads\/2019\/11\/image20190723_195604613-768x1024.jpg 768w, https:\/\/www.modellbau-yodi.de\/imker\/wp-content\/uploads\/2019\/11\/image20190723_195604613-1152x1536.jpg 1152w, https:\/\/www.modellbau-yodi.de\/imker\/wp-content\/uploads\/2019\/11\/image20190723_195604613-1536x2048.jpg 1536w, https:\/\/www.modellbau-yodi.de\/imker\/wp-content\/uploads\/2019\/11\/image20190723_195604613-300x400.jpg 300w, https:\/\/www.modellbau-yodi.de\/imker\/wp-content\/uploads\/2019\/11\/image20190723_195604613-850x1133.jpg 850w, https:\/\/www.modellbau-yodi.de\/imker\/wp-content\/uploads\/2019\/11\/image20190723_195604613-scaled.jpg 1920w\" sizes=\"auto, (max-width: 225px) 100vw, 225px\" \/><\/a><figcaption id=\"caption-attachment-115\" class=\"wp-caption-text\">Warr\u00e9 Beute<\/figcaption><\/figure>\n<p>Unsere Bienen bauen ihre Waben selber das bedeutet das wir keine Mittelw\u00e4nde benutzen. Es ist schlimm genug das die Bienen den Pestiziden der Umwelt ausgesetzt werden da muss der Imker kein Gift in die Bienenst\u00f6cke bringen sondern daf\u00fcr sorgen das die Bienenbehausung frei von Fremdstoffen ist.<\/p>\n<p>&nbsp;<\/p>\n<p>&nbsp;<\/p>\n<p>&nbsp;<\/p>\n<p>&nbsp;<\/p>\n<p>&nbsp;<\/p>\n<p>&nbsp;<\/p>\n<p>&nbsp;<\/p>\n<p><img loading=\"lazy\" decoding=\"async\" class=\"alignright wp-image-119 size-medium\" src=\"http:\/\/www.modellbau-yodi.de\/imker\/wp-content\/uploads\/2019\/11\/L1-225x300.png\" alt=\"\" width=\"225\" height=\"300\" srcset=\"https:\/\/www.modellbau-yodi.de\/imker\/wp-content\/uploads\/2019\/11\/L1-225x300.png 225w, https:\/\/www.modellbau-yodi.de\/imker\/wp-content\/uploads\/2019\/11\/L1-600x800.png 600w, https:\/\/www.modellbau-yodi.de\/imker\/wp-content\/uploads\/2019\/11\/L1-300x400.png 300w, https:\/\/www.modellbau-yodi.de\/imker\/wp-content\/uploads\/2019\/11\/L1.png 750w\" sizes=\"auto, (max-width: 225px) 100vw, 225px\" \/><\/p>\n<p>Das Imkern macht uns so viel Spa\u00df das wir unsere Imkert\u00e4tigkeiten ausbauen wollen. Unsere Bienen stehen in Gledebeck und in Wollbrechtshausen direkt an unseren Haus und in einen Schrebergarten. Wir k\u00f6nnen nat\u00fcrlich nicht unendlich viele Bienenst\u00f6cke aufstellen und sind daher immer daran interessiert Aufstellm\u00f6glichkeiten zu finden. Auch der Nachwuchs hat Spa\u00df an den Bienen.<\/p>\n<p>&nbsp;<\/p>\n<p>&nbsp;<\/p>\n<p>&nbsp;<\/p>\n<p>&nbsp;<\/p>\n<p>&nbsp;<\/p>\n<p>&nbsp;<\/p>\n<p>Wir sind Mitglied im <a href=\"https:\/\/www.bv-dunkle-biene.de\" target=\"_blank\" rel=\"noopener\">Bundesverband Dunkle Biene Deutschland e.V.\u00a0<\/a><\/p>\n<p>Und im \u00d6rtlichen <a href=\"https:\/\/www.modellbau-yodi.de\/ivg\/\" target=\"_blank\" rel=\"noopener\">Imkerverein Grone<\/a><\/p>\n","protected":false},"excerpt":{"rendered":"<p>Wir freuen uns das sie unsere Webseite besuchen. Hier erfahren Sie etwas \u00fcber unsere Bienen, unsere Arbeitsweise mit den Bienen und unseren Produkten. &nbsp; Angefangen hat alles als wir ein Bienenhotell aufstellen wollten. Das www ist ja \u00fcberflutet mit diesen Dingern. Aber in Imker-Foren erfuhren\u00a0 wir schnell das das meiste M\u00fcll ist, Schlechte Verarbeitung und&#8230;<\/p>\n","protected":false},"author":1,"featured_media":0,"parent":0,"menu_order":0,"comment_status":"closed","ping_status":"closed","template":"","meta":{"footnotes":""},"class_list":["post-14","page","type-page","status-publish","hentry"],"_links":{"self":[{"href":"https:\/\/www.modellbau-yodi.de\/imker\/wp-json\/wp\/v2\/pages\/14","targetHints":{"allow":["GET"]}}],"collection":[{"href":"https:\/\/www.modellbau-yodi.de\/imker\/wp-json\/wp\/v2\/pages"}],"about":[{"href":"https:\/\/www.modellbau-yodi.de\/imker\/wp-json\/wp\/v2\/types\/page"}],"author":[{"embeddable":true,"href":"https:\/\/www.modellbau-yodi.de\/imker\/wp-json\/wp\/v2\/users\/1"}],"replies":[{"embeddable":true,"href":"https:\/\/www.modellbau-yodi.de\/imker\/wp-json\/wp\/v2\/comments?post=14"}],"version-history":[{"count":10,"href":"https:\/\/www.modellbau-yodi.de\/imker\/wp-json\/wp\/v2\/pages\/14\/revisions"}],"predecessor-version":[{"id":623,"href":"https:\/\/www.modellbau-yodi.de\/imker\/wp-json\/wp\/v2\/pages\/14\/revisions\/623"}],"wp:attachment":[{"href":"https:\/\/www.modellbau-yodi.de\/imker\/wp-json\/wp\/v2\/media?parent=14"}],"curies":[{"name":"wp","href":"https:\/\/api.w.org\/{rel}","templated":true}]}}