{"id":33,"date":"2019-11-26T06:41:17","date_gmt":"2019-11-26T05:41:17","guid":{"rendered":"http:\/\/www.modellbau-yodi.de\/imker\/?page_id=33"},"modified":"2022-05-21T07:52:59","modified_gmt":"2022-05-21T05:52:59","slug":"arbeitsweise","status":"publish","type":"page","link":"https:\/\/www.modellbau-yodi.de\/imker\/arbeitsweise\/","title":{"rendered":"Arbeitsweise"},"content":{"rendered":"<p style=\"text-align: left;\">Unsere Arbeitsweise ist wesensgem\u00e4\u00df. Aber was ist Wesensgem\u00e4\u00df, Wesensgem\u00e4\u00dfe Bienenhaltung ?<br \/>\nSchaut euch mal das video von\u00a0<a href=\"https:\/\/www.mellifera.de\/ueber-uns\/was-ist-wesensgemaesse-bienenhaltung.html\" target=\"_blank\" rel=\"noopener noreferrer\">Mellifera.de\u00a0<\/a> an. Melifera ist ein Verein der sich f\u00fcr die wesensgem\u00e4\u00dfe Bienenhaltung einsetzt.<\/p>\n<p><iframe loading=\"lazy\" title=\"Was ist wesensgem\u00e4\u00dfe Bienenhaltung?\" width=\"640\" height=\"360\" src=\"https:\/\/www.youtube.com\/embed\/dHNbAoQT1uc?feature=oembed\" frameborder=\"0\" allow=\"accelerometer; autoplay; clipboard-write; encrypted-media; gyroscope; picture-in-picture; web-share\" referrerpolicy=\"strict-origin-when-cross-origin\" allowfullscreen><\/iframe><\/p>\n<p style=\"text-align: left;\">Nat\u00fcrlich geht es nicht immer wie es sein sollte und man muss Kompromisse machen. Das f\u00e4ngt bei der Behausung an und geht bis hin zur nat\u00fcrlichen Vermehrung durch den Schwarmtrieb. Wer nebenbei noch arbeiten muss hat nicht die Zeit um die Bienen zu beobachten und den Schwarm wieder einzufangen. Also versuchen wir m\u00f6glichst dicht an den Zeitpunkt des nat\u00fcrlichen ausschw\u00e4rmens das Volk zu teilen (Flugling, Trommelschwarm, Kunstschwarm). Einfach ausgedr\u00fcckt, Dem Volk wird die K\u00f6nigin mit einen Teil der Bienen entnommen und in\u00a0 einer neuen Behausung eingesiedelt. Das zur\u00fcckgebliebene Volk zieht sich eine neue K\u00f6nigin heran. Eine sch\u00f6ne Methode ist im <a href=\"http:\/\/warre-blog.de\/?p=129#more-129\" target=\"_blank\" rel=\"noopener noreferrer\">Warr\u00e9-Blog<\/a> beschrieben.<\/p>\n<p>F\u00fcr die Behausungen kommen nur nat\u00fcrliche Baumaterialien wie Holz zum Einsatz. Unter den Deckel kommen keine Plastikfolien. Der Deckel oder das Kissen der Warr\u00e9 Beuten haben 7mm Luft so das die Bienen auf den Leisten laufen k\u00f6nnen.<\/p>\n<p>&nbsp;<\/p>\n<p>Mittelw\u00e4nde kommen auch nicht mehr zum Einsatz. Wir haben viel zu viel angst das wir von dem n\u00e4chsten Wachsskandal betroffen werden. Au\u00dferdem ist es nicht Wesensgem\u00e4\u00df.<\/p>\n<p><a href=\"http:\/\/www.modellbau-yodi.de\/imker\/wp-content\/uploads\/2019\/11\/Honigraum.png\" target=\"_blank\" rel=\"noopener noreferrer\"><img loading=\"lazy\" decoding=\"async\" class=\"alignleft wp-image-50 size-medium\" src=\"https:\/\/www.modellbau-yodi.de\/imker\/wp-content\/uploads\/2019\/11\/Honigraum-300x167.png\" alt=\"\" width=\"300\" height=\"167\" srcset=\"https:\/\/www.modellbau-yodi.de\/imker\/wp-content\/uploads\/2019\/11\/Honigraum-300x167.png 300w, https:\/\/www.modellbau-yodi.de\/imker\/wp-content\/uploads\/2019\/11\/Honigraum-600x334.png 600w, https:\/\/www.modellbau-yodi.de\/imker\/wp-content\/uploads\/2019\/11\/Honigraum-1024x571.png 1024w, https:\/\/www.modellbau-yodi.de\/imker\/wp-content\/uploads\/2019\/11\/Honigraum-768x428.png 768w, https:\/\/www.modellbau-yodi.de\/imker\/wp-content\/uploads\/2019\/11\/Honigraum-850x474.png 850w, https:\/\/www.modellbau-yodi.de\/imker\/wp-content\/uploads\/2019\/11\/Honigraum.png 1091w\" sizes=\"auto, (max-width: 300px) 100vw, 300px\" \/><\/a>\u00a0 \u00a0 \u00a0 \u00a0 \u00a0 \u00a0 \u00a0 \u00a0 \u00a0 \u00a0 \u00a0 \u00a0 \u00a0 \u00a0 \u00a0 \u00a0 \u00a0 \u00a0 \u00a0 \u00a0 \u00a0.<a href=\"http:\/\/www.modellbau-yodi.de\/imker\/wp-content\/uploads\/2019\/11\/image20190628_201652573-scaled.jpg\" target=\"_blank\" rel=\"noopener noreferrer\"><img loading=\"lazy\" decoding=\"async\" class=\"alignright wp-image-51\" src=\"http:\/\/www.modellbau-yodi.de\/imker\/wp-content\/uploads\/2019\/11\/image20190628_201652573-300x225.jpg\" alt=\"\" width=\"228\" height=\"171\" srcset=\"https:\/\/www.modellbau-yodi.de\/imker\/wp-content\/uploads\/2019\/11\/image20190628_201652573-300x225.jpg 300w, https:\/\/www.modellbau-yodi.de\/imker\/wp-content\/uploads\/2019\/11\/image20190628_201652573-scaled-600x450.jpg 600w, https:\/\/www.modellbau-yodi.de\/imker\/wp-content\/uploads\/2019\/11\/image20190628_201652573-1024x768.jpg 1024w, https:\/\/www.modellbau-yodi.de\/imker\/wp-content\/uploads\/2019\/11\/image20190628_201652573-768x576.jpg 768w, https:\/\/www.modellbau-yodi.de\/imker\/wp-content\/uploads\/2019\/11\/image20190628_201652573-1536x1152.jpg 1536w, https:\/\/www.modellbau-yodi.de\/imker\/wp-content\/uploads\/2019\/11\/image20190628_201652573-2048x1536.jpg 2048w, https:\/\/www.modellbau-yodi.de\/imker\/wp-content\/uploads\/2019\/11\/image20190628_201652573-850x638.jpg 850w\" sizes=\"auto, (max-width: 228px) 100vw, 228px\" \/><\/a><\/p>\n<p>Der Honigraum unserer Binenkiste. Links die Mittelw\u00e4nde und Rechts die Naturwaben. Die Bienen bauen die Naturwaben\u00a0 also nicht sehr viel langsamer. Aufgrund des Naturwabenbaus gibt es nat\u00fcrlich auch keine Drohnenr\u00e4hmchen die entnommen werden um die Drohnen zu reduzieren. Unsere Bienen haben die Freiheit Drohnen aufzuziehen wie sie wollen.<\/p>\n<figure id=\"attachment_53\" aria-describedby=\"caption-attachment-53\" style=\"width: 300px\" class=\"wp-caption alignright\"><a href=\"http:\/\/www.modellbau-yodi.de\/imker\/wp-content\/uploads\/2019\/11\/image20190723_195642624-scaled.jpg\" target=\"_blank\" rel=\"noopener noreferrer\"><img loading=\"lazy\" decoding=\"async\" class=\"wp-image-53 size-medium\" src=\"http:\/\/www.modellbau-yodi.de\/imker\/wp-content\/uploads\/2019\/11\/image20190723_195642624-300x225.jpg\" alt=\"\" width=\"300\" height=\"225\" srcset=\"https:\/\/www.modellbau-yodi.de\/imker\/wp-content\/uploads\/2019\/11\/image20190723_195642624-300x225.jpg 300w, https:\/\/www.modellbau-yodi.de\/imker\/wp-content\/uploads\/2019\/11\/image20190723_195642624-scaled-600x450.jpg 600w, https:\/\/www.modellbau-yodi.de\/imker\/wp-content\/uploads\/2019\/11\/image20190723_195642624-1024x768.jpg 1024w, https:\/\/www.modellbau-yodi.de\/imker\/wp-content\/uploads\/2019\/11\/image20190723_195642624-768x576.jpg 768w, https:\/\/www.modellbau-yodi.de\/imker\/wp-content\/uploads\/2019\/11\/image20190723_195642624-1536x1152.jpg 1536w, https:\/\/www.modellbau-yodi.de\/imker\/wp-content\/uploads\/2019\/11\/image20190723_195642624-2048x1536.jpg 2048w, https:\/\/www.modellbau-yodi.de\/imker\/wp-content\/uploads\/2019\/11\/image20190723_195642624-850x638.jpg 850w\" sizes=\"auto, (max-width: 300px) 100vw, 300px\" \/><\/a><figcaption id=\"caption-attachment-53\" class=\"wp-caption-text\">Warr\u00e9 Beute mit Guckzarge.<\/figcaption><\/figure>\n<p>Warr\u00e9 Beute mit Guckfenster und Waben im Stabilbau. Das Problem beim Stabilbau ist das die Bienen Die oberen Waben mit den unteren Waben verbinden und der Imker die Waben schneiden muss um die Zargen zu Trennen. Das ist nicht sch\u00f6n und deshalb haben wir auf R\u00e4hmchen umgestellt.<\/p>\n<p>&nbsp;<\/p>\n<p>&nbsp;<\/p>\n","protected":false},"excerpt":{"rendered":"<p>Unsere Arbeitsweise ist wesensgem\u00e4\u00df. Aber was ist Wesensgem\u00e4\u00df, Wesensgem\u00e4\u00dfe Bienenhaltung ? Schaut euch mal das video von\u00a0Mellifera.de\u00a0 an. Melifera ist ein Verein der sich f\u00fcr die wesensgem\u00e4\u00dfe Bienenhaltung einsetzt. Nat\u00fcrlich geht es nicht immer wie es sein sollte und man muss Kompromisse machen. Das f\u00e4ngt bei der Behausung an und geht bis hin zur nat\u00fcrlichen&#8230;<\/p>\n","protected":false},"author":1,"featured_media":0,"parent":0,"menu_order":0,"comment_status":"closed","ping_status":"closed","template":"","meta":{"footnotes":""},"class_list":["post-33","page","type-page","status-publish","hentry"],"_links":{"self":[{"href":"https:\/\/www.modellbau-yodi.de\/imker\/wp-json\/wp\/v2\/pages\/33","targetHints":{"allow":["GET"]}}],"collection":[{"href":"https:\/\/www.modellbau-yodi.de\/imker\/wp-json\/wp\/v2\/pages"}],"about":[{"href":"https:\/\/www.modellbau-yodi.de\/imker\/wp-json\/wp\/v2\/types\/page"}],"author":[{"embeddable":true,"href":"https:\/\/www.modellbau-yodi.de\/imker\/wp-json\/wp\/v2\/users\/1"}],"replies":[{"embeddable":true,"href":"https:\/\/www.modellbau-yodi.de\/imker\/wp-json\/wp\/v2\/comments?post=33"}],"version-history":[{"count":13,"href":"https:\/\/www.modellbau-yodi.de\/imker\/wp-json\/wp\/v2\/pages\/33\/revisions"}],"predecessor-version":[{"id":610,"href":"https:\/\/www.modellbau-yodi.de\/imker\/wp-json\/wp\/v2\/pages\/33\/revisions\/610"}],"wp:attachment":[{"href":"https:\/\/www.modellbau-yodi.de\/imker\/wp-json\/wp\/v2\/media?parent=33"}],"curies":[{"name":"wp","href":"https:\/\/api.w.org\/{rel}","templated":true}]}}