{"id":618,"date":"2022-05-26T11:47:45","date_gmt":"2022-05-26T09:47:45","guid":{"rendered":"https:\/\/www.modellbau-yodi.de\/imker\/?page_id=618"},"modified":"2022-05-26T11:47:45","modified_gmt":"2022-05-26T09:47:45","slug":"bienenschwarm","status":"publish","type":"page","link":"https:\/\/www.modellbau-yodi.de\/imker\/bienenschwarm\/","title":{"rendered":"Bienenschwarm"},"content":{"rendered":"<p>Die nat\u00fcrliche Vermehrung der Bienen geschied durch Schw\u00e4rmen. Ein Volk teilt sich also in zwei oder mehreren Teilen. Wenn ein Bienenschwarm auszieht sammel er sich erst einmal in einen Baum oder anderen Platz. Kundschafterbienen suchen eine neue Wohnung. Die Bienen stimmen demokratisch dar\u00fcber ab wo sie letzt endlich einziehen.<\/p>\n<p>In unserer von Menschen kaputt gemachten Welt haben die Bienen kaum eine \u00dcberlebenschance. Wen es nicht der fehlende Brutraum oder die Pestizide sind dann ist es im n\u00e4chsten Jahr die Varroa Milbe. Darum ist es wichtig das ein Bienenschwarm von einen Imker eingefangen wird.<\/p>\n<p><em><strong>Ich fange kostenlos Bienenschw\u00e4rme in der n\u00e4he von Hardegsen, N\u00f6rten Hardenberg, G\u00f6ttingen oder Klein Lengden.<\/strong><\/em><\/p>\n<p>Wichtig f\u00fcr mich zu wissen ist<\/p>\n<ul>\n<li>wie gro\u00df ist der Bienenschwarm ?<\/li>\n<li>Ist es ein oder mehrere Bienenschw\u00e4rme ?<\/li>\n<li>Wo genau befindet sich der Bienenschwarm ?<\/li>\n<li>Brauche ich eine Leiter oder haben Sie eine Leiter<\/li>\n<\/ul>\n<p>&nbsp;<\/p>\n<p>&nbsp;<\/p>\n<p>&nbsp;<\/p>\n","protected":false},"excerpt":{"rendered":"<p>Die nat\u00fcrliche Vermehrung der Bienen geschied durch Schw\u00e4rmen. Ein Volk teilt sich also in zwei oder mehreren Teilen. Wenn ein Bienenschwarm auszieht sammel er sich erst einmal in einen Baum oder anderen Platz. Kundschafterbienen suchen eine neue Wohnung. Die Bienen stimmen demokratisch dar\u00fcber ab wo sie letzt endlich einziehen. In unserer von Menschen kaputt gemachten&#8230;<\/p>\n","protected":false},"author":1,"featured_media":0,"parent":0,"menu_order":0,"comment_status":"closed","ping_status":"closed","template":"","meta":{"footnotes":""},"class_list":["post-618","page","type-page","status-publish","hentry"],"_links":{"self":[{"href":"https:\/\/www.modellbau-yodi.de\/imker\/wp-json\/wp\/v2\/pages\/618","targetHints":{"allow":["GET"]}}],"collection":[{"href":"https:\/\/www.modellbau-yodi.de\/imker\/wp-json\/wp\/v2\/pages"}],"about":[{"href":"https:\/\/www.modellbau-yodi.de\/imker\/wp-json\/wp\/v2\/types\/page"}],"author":[{"embeddable":true,"href":"https:\/\/www.modellbau-yodi.de\/imker\/wp-json\/wp\/v2\/users\/1"}],"replies":[{"embeddable":true,"href":"https:\/\/www.modellbau-yodi.de\/imker\/wp-json\/wp\/v2\/comments?post=618"}],"version-history":[{"count":2,"href":"https:\/\/www.modellbau-yodi.de\/imker\/wp-json\/wp\/v2\/pages\/618\/revisions"}],"predecessor-version":[{"id":621,"href":"https:\/\/www.modellbau-yodi.de\/imker\/wp-json\/wp\/v2\/pages\/618\/revisions\/621"}],"wp:attachment":[{"href":"https:\/\/www.modellbau-yodi.de\/imker\/wp-json\/wp\/v2\/media?parent=618"}],"curies":[{"name":"wp","href":"https:\/\/api.w.org\/{rel}","templated":true}]}}