{"id":675,"date":"2023-07-02T19:34:03","date_gmt":"2023-07-02T17:34:03","guid":{"rendered":"https:\/\/www.modellbau-yodi.de\/imker\/?post_type=product&#038;p=675"},"modified":"2024-07-17T17:17:18","modified_gmt":"2024-07-17T15:17:18","slug":"zweierpackung-presshonig","status":"publish","type":"product","link":"https:\/\/www.modellbau-yodi.de\/imker\/produkt\/zweierpackung-presshonig\/","title":{"rendered":"Zweierpackung Presshonig"},"content":{"rendered":"<p>Zwei Gl\u00e4ser Presshonig a&#8216; 250g. Geerntet im Fr\u00fchjahr und im Herbst<\/p>\n<p>Durch das auspressen der Waben bei der Honigerzeugung bekommt der Honig einen ganz besonderen Geschmack.<br \/>\nIm Geschmack\u00a0 hat Presshonig eine ganz leichte \u201eWachsige Note\u201c, das kommt von \u00e4therischen \u00d6len aus den Bienenwachs.<br \/>\nEin Honig f\u00fcr echte Gourmets.<\/p>\n<p>Honig ist ein Naturprodukt und schmeckt von Bienenvolk zu Bienenvolk Bienenstand zu Bienenstand immer anders.<\/p>\n","protected":false},"excerpt":{"rendered":"<p>Zwei Gl\u00e4ser Presshonig a&#8216; 250g. Geerntet im Fr\u00fchjahr und im Herbst Durch das auspressen der Waben bei der Honigerzeugung bekommt der Honig einen ganz besonderen Geschmack. Im Geschmack\u00a0 hat Presshonig eine ganz leichte \u201eWachsige Note\u201c, das kommt von \u00e4therischen \u00d6len aus den Bienenwachs. Ein Honig f\u00fcr echte Gourmets. Honig ist ein Naturprodukt und schmeckt von&#8230;<\/p>\n","protected":false},"featured_media":676,"comment_status":"open","ping_status":"closed","template":"","meta":[],"product_brand":[],"product_cat":[37],"product_tag":[],"class_list":{"0":"post-675","1":"product","2":"type-product","3":"status-publish","4":"has-post-thumbnail","6":"product_cat-unkategorisiert","8":"first","9":"instock","10":"taxable","11":"shipping-taxable","12":"purchasable","13":"product-type-simple"},"_links":{"self":[{"href":"https:\/\/www.modellbau-yodi.de\/imker\/wp-json\/wp\/v2\/product\/675","targetHints":{"allow":["GET"]}}],"collection":[{"href":"https:\/\/www.modellbau-yodi.de\/imker\/wp-json\/wp\/v2\/product"}],"about":[{"href":"https:\/\/www.modellbau-yodi.de\/imker\/wp-json\/wp\/v2\/types\/product"}],"replies":[{"embeddable":true,"href":"https:\/\/www.modellbau-yodi.de\/imker\/wp-json\/wp\/v2\/comments?post=675"}],"wp:featuredmedia":[{"embeddable":true,"href":"https:\/\/www.modellbau-yodi.de\/imker\/wp-json\/wp\/v2\/media\/676"}],"wp:attachment":[{"href":"https:\/\/www.modellbau-yodi.de\/imker\/wp-json\/wp\/v2\/media?parent=675"}],"wp:term":[{"taxonomy":"product_brand","embeddable":true,"href":"https:\/\/www.modellbau-yodi.de\/imker\/wp-json\/wp\/v2\/product_brand?post=675"},{"taxonomy":"product_cat","embeddable":true,"href":"https:\/\/www.modellbau-yodi.de\/imker\/wp-json\/wp\/v2\/product_cat?post=675"},{"taxonomy":"product_tag","embeddable":true,"href":"https:\/\/www.modellbau-yodi.de\/imker\/wp-json\/wp\/v2\/product_tag?post=675"}],"curies":[{"name":"wp","href":"https:\/\/api.w.org\/{rel}","templated":true}]}}